{"id":1397,"date":"2023-11-06T17:57:00","date_gmt":"2023-11-06T17:57:00","guid":{"rendered":"https:\/\/liracontabilidade.com.br\/?page_id=1397"},"modified":"2023-11-14T15:44:43","modified_gmt":"2023-11-14T15:44:43","slug":"parceiros","status":"publish","type":"page","link":"https:\/\/liracontabilidade.com.br\/index.php\/parceiros\/","title":{"rendered":"Parceiros"},"content":{"rendered":"\t\t<div data-elementor-type=\"wp-page\" data-elementor-id=\"1397\" class=\"elementor elementor-1397\" data-elementor-settings=\"{&quot;ha_cmc_init_switcher&quot;:&quot;no&quot;}\">\n\t\t\t\t\t\t<section class=\"elementor-section elementor-top-section elementor-element elementor-element-fd8d4ba elementor-section-boxed elementor-section-height-default elementor-section-height-default\" data-id=\"fd8d4ba\" data-element_type=\"section\" data-e-type=\"section\" data-settings=\"{&quot;_ha_eqh_enable&quot;:false}\">\n\t\t\t\t\t\t<div class=\"elementor-container elementor-column-gap-default\">\n\t\t\t\t\t<div class=\"elementor-column elementor-col-100 elementor-top-column elementor-element elementor-element-3c31556\" data-id=\"3c31556\" data-element_type=\"column\" data-e-type=\"column\">\n\t\t\t<div class=\"elementor-widget-wrap elementor-element-populated\">\n\t\t\t\t\t\t<div class=\"elementor-element elementor-element-635a84b3 elementor-widget elementor-widget-elementskit-heading\" data-id=\"635a84b3\" data-element_type=\"widget\" data-e-type=\"widget\" data-widget_type=\"elementskit-heading.default\">\n\t\t\t\t<div class=\"elementor-widget-container\">\n\t\t\t\t\t<div class=\"ekit-wid-con\" ><div class=\"ekit-heading elementskit-section-title-wraper center   ekit_heading_tablet-   ekit_heading_mobile-\"><h1 class=\"ekit-heading--title elementskit-section-title \">Parceiros<\/h1><\/div><\/div>\t\t\t\t<\/div>\n\t\t\t\t<\/div>\n\t\t\t\t<section class=\"elementor-section elementor-inner-section elementor-element elementor-element-aaf01d1 elementor-section-boxed elementor-section-height-default elementor-section-height-default\" data-id=\"aaf01d1\" data-element_type=\"section\" data-e-type=\"section\" data-settings=\"{&quot;_ha_eqh_enable&quot;:false}\">\n\t\t\t\t\t\t<div class=\"elementor-container elementor-column-gap-default\">\n\t\t\t\t\t<div class=\"elementor-column elementor-col-25 elementor-inner-column elementor-element elementor-element-7394053\" data-id=\"7394053\" data-element_type=\"column\" data-e-type=\"column\">\n\t\t\t<div class=\"elementor-widget-wrap elementor-element-populated\">\n\t\t\t\t\t\t<div class=\"elementor-element elementor-element-e08e56f elementor-widget elementor-widget-image\" data-id=\"e08e56f\" data-element_type=\"widget\" data-e-type=\"widget\" data-widget_type=\"image.default\">\n\t\t\t\t<div class=\"elementor-widget-container\">\n\t\t\t\t\t\t\t\t\t\t\t\t\t\t\t<img fetchpriority=\"high\" decoding=\"async\" width=\"1024\" height=\"1024\" src=\"https:\/\/liracontabilidade.com.br\/wp-content\/uploads\/2023\/11\/Imagem-do-WhatsApp-de-2023-11-06-as-14.58.41_e43f88ec-1024x1024.jpg\" class=\"elementor-animation-grow attachment-large size-large wp-image-1409\" alt=\"\" srcset=\"https:\/\/liracontabilidade.com.br\/wp-content\/uploads\/2023\/11\/Imagem-do-WhatsApp-de-2023-11-06-as-14.58.41_e43f88ec-1024x1024.jpg 1024w, https:\/\/liracontabilidade.com.br\/wp-content\/uploads\/2023\/11\/Imagem-do-WhatsApp-de-2023-11-06-as-14.58.41_e43f88ec-300x300.jpg 300w, https:\/\/liracontabilidade.com.br\/wp-content\/uploads\/2023\/11\/Imagem-do-WhatsApp-de-2023-11-06-as-14.58.41_e43f88ec-150x150.jpg 150w, https:\/\/liracontabilidade.com.br\/wp-content\/uploads\/2023\/11\/Imagem-do-WhatsApp-de-2023-11-06-as-14.58.41_e43f88ec-768x768.jpg 768w, https:\/\/liracontabilidade.com.br\/wp-content\/uploads\/2023\/11\/Imagem-do-WhatsApp-de-2023-11-06-as-14.58.41_e43f88ec.jpg 1280w\" sizes=\"(max-width: 1024px) 100vw, 1024px\" \/>\t\t\t\t\t\t\t\t\t\t\t\t\t\t\t<\/div>\n\t\t\t\t<\/div>\n\t\t\t\t<div class=\"elementor-element elementor-element-83d2dec elementor-widget elementor-widget-text-editor\" data-id=\"83d2dec\" data-element_type=\"widget\" data-e-type=\"widget\" data-widget_type=\"text-editor.default\">\n\t\t\t\t<div class=\"elementor-widget-container\">\n\t\t\t\t\t\t\t\t\t<p><span style=\"text-decoration: underline;\"><strong>HD Alian\u00e7a Contabilidade<\/strong><\/span><\/p>\n<p><span style=\"text-decoration: underline;\"><strong>Telefones:<\/strong><\/span> <br><a href=\"https:\/\/wa.me\/5532998501357\" target=\"_blank\" rel=\"noopener\">32 99850-1357<\/a><span style=\"font-style: inherit; font-weight: inherit; color: var( --e-global-color-text ); font-family: var( --e-global-typography-text-font-family ), Sans-serif; letter-spacing: 0.01em;\">&nbsp;\/&nbsp;<\/span><span style=\"font-style: inherit; font-weight: inherit; color: var( --e-global-color-text ); font-family: var( --e-global-typography-text-font-family ), Sans-serif; letter-spacing: 0.01em;\"><a href=\"tel:+553233631357\">32 3363-1357<\/a><br><\/span><span style=\"text-decoration: underline;\"><strong>Instagram:<\/strong><\/span>&nbsp;<a style=\"font-family: var( --e-global-typography-text-font-family ), Sans-serif; font-weight: var( --e-global-typography-text-font-weight ); background-color: #ffffff; letter-spacing: 0.01em;\" href=\"https:\/\/www.instagram.com\/hdaliancacontabilidade\/\" target=\"_blank\" rel=\"noopener\">@hdaliancacontabilidade<\/a><br><span style=\"text-decoration: underline;\"><strong>Endere\u00e7o:<\/strong><\/span> <a href=\"https:\/\/maps.app.goo.gl\/QCgU3qcFhURQkCNt5\" target=\"_blank\" rel=\"noopener\">Rua Tiradentes,&nbsp; 240, Centro,&nbsp; Lagoa Dourada\/MG &#8211; CEP: 36.345-000<\/a><\/p>\t\t\t\t\t\t\t\t<\/div>\n\t\t\t\t<\/div>\n\t\t\t\t\t<\/div>\n\t\t<\/div>\n\t\t\t\t<div class=\"elementor-column elementor-col-25 elementor-inner-column elementor-element elementor-element-b912b4f\" data-id=\"b912b4f\" data-element_type=\"column\" data-e-type=\"column\">\n\t\t\t<div class=\"elementor-widget-wrap\">\n\t\t\t\t\t\t\t<\/div>\n\t\t<\/div>\n\t\t\t\t<div class=\"elementor-column elementor-col-25 elementor-inner-column elementor-element elementor-element-faa3cd5\" data-id=\"faa3cd5\" data-element_type=\"column\" data-e-type=\"column\">\n\t\t\t<div class=\"elementor-widget-wrap\">\n\t\t\t\t\t\t\t<\/div>\n\t\t<\/div>\n\t\t\t\t<div class=\"elementor-column elementor-col-25 elementor-inner-column elementor-element elementor-element-36dca48\" data-id=\"36dca48\" data-element_type=\"column\" data-e-type=\"column\">\n\t\t\t<div class=\"elementor-widget-wrap\">\n\t\t\t\t\t\t\t<\/div>\n\t\t<\/div>\n\t\t\t\t\t<\/div>\n\t\t<\/section>\n\t\t\t\t\t<\/div>\n\t\t<\/div>\n\t\t\t\t\t<\/div>\n\t\t<\/section>\n\t\t\t\t<section class=\"elementor-section elementor-top-section elementor-element elementor-element-0cf5398 elementor-section-boxed elementor-section-height-default elementor-section-height-default\" data-id=\"0cf5398\" data-element_type=\"section\" data-e-type=\"section\" data-settings=\"{&quot;_ha_eqh_enable&quot;:false}\">\n\t\t\t\t\t\t<div class=\"elementor-container elementor-column-gap-default\">\n\t\t\t\t\t<div class=\"elementor-column elementor-col-25 elementor-top-column elementor-element elementor-element-6a8e191\" data-id=\"6a8e191\" data-element_type=\"column\" data-e-type=\"column\">\n\t\t\t<div class=\"elementor-widget-wrap\">\n\t\t\t\t\t\t\t<\/div>\n\t\t<\/div>\n\t\t\t\t<div class=\"elementor-column elementor-col-25 elementor-top-column elementor-element elementor-element-444ca79\" data-id=\"444ca79\" data-element_type=\"column\" data-e-type=\"column\">\n\t\t\t<div class=\"elementor-widget-wrap\">\n\t\t\t\t\t\t\t<\/div>\n\t\t<\/div>\n\t\t\t\t<div class=\"elementor-column elementor-col-25 elementor-top-column elementor-element elementor-element-e784fd6\" data-id=\"e784fd6\" data-element_type=\"column\" data-e-type=\"column\">\n\t\t\t<div class=\"elementor-widget-wrap\">\n\t\t\t\t\t\t\t<\/div>\n\t\t<\/div>\n\t\t\t\t<div class=\"elementor-column elementor-col-25 elementor-top-column elementor-element elementor-element-2ec2e89\" data-id=\"2ec2e89\" data-element_type=\"column\" data-e-type=\"column\">\n\t\t\t<div class=\"elementor-widget-wrap\">\n\t\t\t\t\t\t\t<\/div>\n\t\t<\/div>\n\t\t\t\t\t<\/div>\n\t\t<\/section>\n\t\t\t\t<\/div>\n\t\t","protected":false},"excerpt":{"rendered":"<p>Parceiros HD Alian\u00e7a Contabilidade Telefones: 32 99850-1357&nbsp;\/&nbsp;32 3363-1357Instagram:&nbsp;@hdaliancacontabilidadeEndere\u00e7o: Rua Tiradentes,&nbsp; 240, Centro,&nbsp; Lagoa Dourada\/MG &#8211; CEP: 36.345-000<\/p>\n","protected":false},"author":1,"featured_media":1138,"parent":0,"menu_order":0,"comment_status":"closed","ping_status":"closed","template":"elementor_header_footer","meta":{"zakra_sidebar_layout":"customizer","zakra_remove_content_margin":false,"zakra_sidebar":"customizer","zakra_transparent_header":"customizer","zakra_logo":0,"zakra_main_header_style":"default","zakra_menu_item_color":"","zakra_menu_item_hover_color":"","zakra_menu_item_active_color":"","zakra_menu_active_style":"","zakra_page_header":true,"_eb_attr":"","_joinchat":[],"footnotes":""},"class_list":["post-1397","page","type-page","status-publish","has-post-thumbnail","hentry"],"yoast_head":"<!-- This site is optimized with the Yoast SEO plugin v27.4 - https:\/\/yoast.com\/product\/yoast-seo-wordpress\/ -->\n<title>Parceiros | Lira Contabilidade<\/title>\n<meta name=\"description\" content=\"Acesse a \u00c1rea do Cliente e tenha mais comodidade na gest\u00e3o financeira de sua empresa. Conte com nossos servi\u00e7os cont\u00e1beis em S\u00e3o Jo\u00e3o Del Rey - MG.\" \/>\n<meta name=\"robots\" content=\"index, follow, max-snippet:-1, max-image-preview:large, max-video-preview:-1\" \/>\n<link rel=\"canonical\" href=\"https:\/\/liracontabilidade.com.br\/index.php\/parceiros\/\" \/>\n<meta property=\"og:locale\" content=\"pt_BR\" \/>\n<meta property=\"og:type\" content=\"article\" \/>\n<meta property=\"og:title\" content=\"Parceiros | Lira Contabilidade\" \/>\n<meta property=\"og:description\" content=\"Acesse a \u00c1rea do Cliente e tenha mais comodidade na gest\u00e3o financeira de sua empresa. Conte com nossos servi\u00e7os cont\u00e1beis em S\u00e3o Jo\u00e3o Del Rey - MG.\" \/>\n<meta property=\"og:url\" content=\"https:\/\/liracontabilidade.com.br\/index.php\/parceiros\/\" \/>\n<meta property=\"og:site_name\" content=\"Lira Contabilidade\" \/>\n<meta property=\"article:modified_time\" content=\"2023-11-14T15:44:43+00:00\" \/>\n<meta property=\"og:image\" content=\"https:\/\/liracontabilidade.com.br\/wp-content\/uploads\/2023\/02\/cropped-Novo-Projeto-42-1.png\" \/>\n\t<meta property=\"og:image:width\" content=\"512\" \/>\n\t<meta property=\"og:image:height\" content=\"512\" \/>\n\t<meta property=\"og:image:type\" content=\"image\/png\" \/>\n<meta name=\"twitter:card\" content=\"summary_large_image\" \/>\n<meta name=\"twitter:label1\" content=\"Est. tempo de leitura\" \/>\n\t<meta name=\"twitter:data1\" content=\"1 minuto\" \/>\n<script type=\"application\/ld+json\" class=\"yoast-schema-graph\">{\"@context\":\"https:\\\/\\\/schema.org\",\"@graph\":[{\"@type\":\"WebPage\",\"@id\":\"https:\\\/\\\/liracontabilidade.com.br\\\/index.php\\\/parceiros\\\/\",\"url\":\"https:\\\/\\\/liracontabilidade.com.br\\\/index.php\\\/parceiros\\\/\",\"name\":\"Parceiros | Lira Contabilidade\",\"isPartOf\":{\"@id\":\"https:\\\/\\\/liracontabilidade.com.br\\\/#website\"},\"primaryImageOfPage\":{\"@id\":\"https:\\\/\\\/liracontabilidade.com.br\\\/index.php\\\/parceiros\\\/#primaryimage\"},\"image\":{\"@id\":\"https:\\\/\\\/liracontabilidade.com.br\\\/index.php\\\/parceiros\\\/#primaryimage\"},\"thumbnailUrl\":\"https:\\\/\\\/liracontabilidade.com.br\\\/wp-content\\\/uploads\\\/2023\\\/02\\\/cropped-Novo-Projeto-42-1.png\",\"datePublished\":\"2023-11-06T17:57:00+00:00\",\"dateModified\":\"2023-11-14T15:44:43+00:00\",\"description\":\"Acesse a \u00c1rea do Cliente e tenha mais comodidade na gest\u00e3o financeira de sua empresa. Conte com nossos servi\u00e7os cont\u00e1beis em S\u00e3o Jo\u00e3o Del Rey - MG.\",\"breadcrumb\":{\"@id\":\"https:\\\/\\\/liracontabilidade.com.br\\\/index.php\\\/parceiros\\\/#breadcrumb\"},\"inLanguage\":\"pt-BR\",\"potentialAction\":[{\"@type\":\"ReadAction\",\"target\":[\"https:\\\/\\\/liracontabilidade.com.br\\\/index.php\\\/parceiros\\\/\"]}]},{\"@type\":\"ImageObject\",\"inLanguage\":\"pt-BR\",\"@id\":\"https:\\\/\\\/liracontabilidade.com.br\\\/index.php\\\/parceiros\\\/#primaryimage\",\"url\":\"https:\\\/\\\/liracontabilidade.com.br\\\/wp-content\\\/uploads\\\/2023\\\/02\\\/cropped-Novo-Projeto-42-1.png\",\"contentUrl\":\"https:\\\/\\\/liracontabilidade.com.br\\\/wp-content\\\/uploads\\\/2023\\\/02\\\/cropped-Novo-Projeto-42-1.png\",\"width\":512,\"height\":512},{\"@type\":\"BreadcrumbList\",\"@id\":\"https:\\\/\\\/liracontabilidade.com.br\\\/index.php\\\/parceiros\\\/#breadcrumb\",\"itemListElement\":[{\"@type\":\"ListItem\",\"position\":1,\"name\":\"In\u00edcio\",\"item\":\"https:\\\/\\\/liracontabilidade.com.br\\\/\"},{\"@type\":\"ListItem\",\"position\":2,\"name\":\"Parceiros\"}]},{\"@type\":\"WebSite\",\"@id\":\"https:\\\/\\\/liracontabilidade.com.br\\\/#website\",\"url\":\"https:\\\/\\\/liracontabilidade.com.br\\\/\",\"name\":\"Lira Contabilidade\",\"description\":\"Contabilidade em S\u00e3o Jo\u00e3o Del Rei - MG\",\"publisher\":{\"@id\":\"https:\\\/\\\/liracontabilidade.com.br\\\/#organization\"},\"potentialAction\":[{\"@type\":\"SearchAction\",\"target\":{\"@type\":\"EntryPoint\",\"urlTemplate\":\"https:\\\/\\\/liracontabilidade.com.br\\\/?s={search_term_string}\"},\"query-input\":{\"@type\":\"PropertyValueSpecification\",\"valueRequired\":true,\"valueName\":\"search_term_string\"}}],\"inLanguage\":\"pt-BR\"},{\"@type\":\"Organization\",\"@id\":\"https:\\\/\\\/liracontabilidade.com.br\\\/#organization\",\"name\":\"Lira Contabilidade\",\"url\":\"https:\\\/\\\/liracontabilidade.com.br\\\/\",\"logo\":{\"@type\":\"ImageObject\",\"inLanguage\":\"pt-BR\",\"@id\":\"https:\\\/\\\/liracontabilidade.com.br\\\/#\\\/schema\\\/logo\\\/image\\\/\",\"url\":\"https:\\\/\\\/liracontabilidade.com.br\\\/wp-content\\\/uploads\\\/2023\\\/02\\\/Novo-Projeto-44.png\",\"contentUrl\":\"https:\\\/\\\/liracontabilidade.com.br\\\/wp-content\\\/uploads\\\/2023\\\/02\\\/Novo-Projeto-44.png\",\"width\":182,\"height\":60,\"caption\":\"Lira Contabilidade\"},\"image\":{\"@id\":\"https:\\\/\\\/liracontabilidade.com.br\\\/#\\\/schema\\\/logo\\\/image\\\/\"}}]}<\/script>\n<!-- \/ Yoast SEO plugin. -->","yoast_head_json":{"title":"Parceiros | Lira Contabilidade","description":"Acesse a \u00c1rea do Cliente e tenha mais comodidade na gest\u00e3o financeira de sua empresa. Conte com nossos servi\u00e7os cont\u00e1beis em S\u00e3o Jo\u00e3o Del Rey - MG.","robots":{"index":"index","follow":"follow","max-snippet":"max-snippet:-1","max-image-preview":"max-image-preview:large","max-video-preview":"max-video-preview:-1"},"canonical":"https:\/\/liracontabilidade.com.br\/index.php\/parceiros\/","og_locale":"pt_BR","og_type":"article","og_title":"Parceiros | Lira Contabilidade","og_description":"Acesse a \u00c1rea do Cliente e tenha mais comodidade na gest\u00e3o financeira de sua empresa. Conte com nossos servi\u00e7os cont\u00e1beis em S\u00e3o Jo\u00e3o Del Rey - MG.","og_url":"https:\/\/liracontabilidade.com.br\/index.php\/parceiros\/","og_site_name":"Lira Contabilidade","article_modified_time":"2023-11-14T15:44:43+00:00","og_image":[{"width":512,"height":512,"url":"https:\/\/liracontabilidade.com.br\/wp-content\/uploads\/2023\/02\/cropped-Novo-Projeto-42-1.png","type":"image\/png"}],"twitter_card":"summary_large_image","twitter_misc":{"Est. tempo de leitura":"1 minuto"},"schema":{"@context":"https:\/\/schema.org","@graph":[{"@type":"WebPage","@id":"https:\/\/liracontabilidade.com.br\/index.php\/parceiros\/","url":"https:\/\/liracontabilidade.com.br\/index.php\/parceiros\/","name":"Parceiros | Lira Contabilidade","isPartOf":{"@id":"https:\/\/liracontabilidade.com.br\/#website"},"primaryImageOfPage":{"@id":"https:\/\/liracontabilidade.com.br\/index.php\/parceiros\/#primaryimage"},"image":{"@id":"https:\/\/liracontabilidade.com.br\/index.php\/parceiros\/#primaryimage"},"thumbnailUrl":"https:\/\/liracontabilidade.com.br\/wp-content\/uploads\/2023\/02\/cropped-Novo-Projeto-42-1.png","datePublished":"2023-11-06T17:57:00+00:00","dateModified":"2023-11-14T15:44:43+00:00","description":"Acesse a \u00c1rea do Cliente e tenha mais comodidade na gest\u00e3o financeira de sua empresa. Conte com nossos servi\u00e7os cont\u00e1beis em S\u00e3o Jo\u00e3o Del Rey - MG.","breadcrumb":{"@id":"https:\/\/liracontabilidade.com.br\/index.php\/parceiros\/#breadcrumb"},"inLanguage":"pt-BR","potentialAction":[{"@type":"ReadAction","target":["https:\/\/liracontabilidade.com.br\/index.php\/parceiros\/"]}]},{"@type":"ImageObject","inLanguage":"pt-BR","@id":"https:\/\/liracontabilidade.com.br\/index.php\/parceiros\/#primaryimage","url":"https:\/\/liracontabilidade.com.br\/wp-content\/uploads\/2023\/02\/cropped-Novo-Projeto-42-1.png","contentUrl":"https:\/\/liracontabilidade.com.br\/wp-content\/uploads\/2023\/02\/cropped-Novo-Projeto-42-1.png","width":512,"height":512},{"@type":"BreadcrumbList","@id":"https:\/\/liracontabilidade.com.br\/index.php\/parceiros\/#breadcrumb","itemListElement":[{"@type":"ListItem","position":1,"name":"In\u00edcio","item":"https:\/\/liracontabilidade.com.br\/"},{"@type":"ListItem","position":2,"name":"Parceiros"}]},{"@type":"WebSite","@id":"https:\/\/liracontabilidade.com.br\/#website","url":"https:\/\/liracontabilidade.com.br\/","name":"Lira Contabilidade","description":"Contabilidade em S\u00e3o Jo\u00e3o Del Rei - MG","publisher":{"@id":"https:\/\/liracontabilidade.com.br\/#organization"},"potentialAction":[{"@type":"SearchAction","target":{"@type":"EntryPoint","urlTemplate":"https:\/\/liracontabilidade.com.br\/?s={search_term_string}"},"query-input":{"@type":"PropertyValueSpecification","valueRequired":true,"valueName":"search_term_string"}}],"inLanguage":"pt-BR"},{"@type":"Organization","@id":"https:\/\/liracontabilidade.com.br\/#organization","name":"Lira Contabilidade","url":"https:\/\/liracontabilidade.com.br\/","logo":{"@type":"ImageObject","inLanguage":"pt-BR","@id":"https:\/\/liracontabilidade.com.br\/#\/schema\/logo\/image\/","url":"https:\/\/liracontabilidade.com.br\/wp-content\/uploads\/2023\/02\/Novo-Projeto-44.png","contentUrl":"https:\/\/liracontabilidade.com.br\/wp-content\/uploads\/2023\/02\/Novo-Projeto-44.png","width":182,"height":60,"caption":"Lira Contabilidade"},"image":{"@id":"https:\/\/liracontabilidade.com.br\/#\/schema\/logo\/image\/"}}]}},"_links":{"self":[{"href":"https:\/\/liracontabilidade.com.br\/index.php\/wp-json\/wp\/v2\/pages\/1397","targetHints":{"allow":["GET"]}}],"collection":[{"href":"https:\/\/liracontabilidade.com.br\/index.php\/wp-json\/wp\/v2\/pages"}],"about":[{"href":"https:\/\/liracontabilidade.com.br\/index.php\/wp-json\/wp\/v2\/types\/page"}],"author":[{"embeddable":true,"href":"https:\/\/liracontabilidade.com.br\/index.php\/wp-json\/wp\/v2\/users\/1"}],"replies":[{"embeddable":true,"href":"https:\/\/liracontabilidade.com.br\/index.php\/wp-json\/wp\/v2\/comments?post=1397"}],"version-history":[{"count":19,"href":"https:\/\/liracontabilidade.com.br\/index.php\/wp-json\/wp\/v2\/pages\/1397\/revisions"}],"predecessor-version":[{"id":1434,"href":"https:\/\/liracontabilidade.com.br\/index.php\/wp-json\/wp\/v2\/pages\/1397\/revisions\/1434"}],"wp:featuredmedia":[{"embeddable":true,"href":"https:\/\/liracontabilidade.com.br\/index.php\/wp-json\/wp\/v2\/media\/1138"}],"wp:attachment":[{"href":"https:\/\/liracontabilidade.com.br\/index.php\/wp-json\/wp\/v2\/media?parent=1397"}],"curies":[{"name":"wp","href":"https:\/\/api.w.org\/{rel}","templated":true}]}}